 3, 5, 31, 647
What are the prime factors of 344138?
2, 172069
List the prime factors of 173022.
2, 3, 28837
What are the prime factors of 2878101?
3, 19, 16831
List the prime factors of 12246.
2, 3, 13, 157
List the prime factors of 1390155.
3, 5, 13, 7129
List the prime factors of 19290390.
2, 3, 5, 7, 97, 947
What are the prime factors of 3897908?
2, 7, 73, 1907
What are the prime factors of 3701352?
2, 3, 19, 8117
List the prime factors of 8974012.
2, 2243503
What are the prime factors of 1922373?
3, 293
List the prime factors of 250329.
3, 83443
What are the prime factors of 114076?
2, 19, 79
What are the prime factors of 17354?
2, 8677
What are the prime factors of 12023584?
2, 401, 937
What are the prime factors of 9252990?
2, 3, 5, 102811
What are the prime factors of 737880?
2, 3, 5, 11, 13, 43
What are the prime factors of 2164739?
2164739
List the prime factors of 813130.
2, 5, 31, 43, 61
List the prime factors of 4262997.
3, 1420999
What are the prime factors of 19095?
3, 5, 19, 67
List the prime factors of 75977.
11, 6907
What are the prime factors of 4131268?
2, 43, 24019
List the prime factors of 234779.
383, 613
What are the prime factors of 4124085?
3, 5, 7, 31, 181
List the prime factors of 7961818.
2, 23, 73, 2371
List the prime factors of 176573.
176573
List the prime factors of 147276.
2, 3, 4091
What are the prime factors of 227451?
3, 7, 10831
List the prime factors of 521082.
2, 3, 28949
What are the prime factors of 1821717?
3, 109, 619
List the prime factors of 1414610.
2, 5, 141461
List the prime factors of 2375308.
2, 13, 17, 2687
What are the prime factors of 98146?
2, 31, 1583
List the prime factors of 11845021.
29, 233, 1753
What are the prime factors of 15562497?
3, 17, 305147
List the prime factors of 338252.
2, 103, 821
List the prime factors of 3521774.
2, 61, 28867
List the prime factors of 177397.
11, 16127
List the prime factors of 418121.
11, 38011
What are the prime factors of 16600770?
2, 3, 5, 139, 1327
What are the prime factors of 9196642?
2, 7, 13, 23
List the prime factors of 261251.
261251
List the prime factors of 1427428.
2, 43, 193
What are the prime factors of 6009521?
7, 858503
What are the prime factors of 405320?
2, 5, 10133
What are the prime factors of 92746?
2, 79, 587
What are the prime factors of 2845228?
2, 711307
What are the prime factors of 183273?
3, 61091
What are the prime factors of 1286477?
373, 3449
What are the prime factors of 1681033?
1681033
What are the prime factors of 21766889?
21766889
What are the prime factors of 5190825?
3, 5, 67, 1033
What are the prime factors of 1549893?
3, 37, 13963
List the prime factors of 857883.
3, 13, 21997
What are the prime factors of 226548?
2, 3, 7, 29, 31
What are the prime factors of 586598?
2, 37, 7927
What are the prime factors of 10163979?
3, 7, 161333
What are the prime factors of 1182364?
2, 295591
What are the prime factors of 1579725?
3, 5, 7, 17, 59
What are the prime factors of 319641?
3, 7, 31, 491
What are the prime factors of 5389863?
3, 19, 94559
What are the prime factors of 5386365?
3, 5, 17, 2347
What are the prime factors of 1525746?
2, 3, 254291
What are the prime factors of 5548782?
2, 3, 53, 17449
What are the prime factors of 240187?
181, 1327
What are the prime factors of 5291852?
2, 1322963
List the prime factors of 38543.
38543
List the prime factors of 825505.
5, 107, 1543
What are the prime factors of 369413?
11, 43, 71
List the prime factors of 3769445.
5, 31, 83, 293
List the prime factors of 701075.
5, 29, 967
What are the prime factors of 521185?
5, 7, 14891
List the prime factors of 604609.
604609
List the prime factors of 145378.
2, 72689
What are the prime factors of 4310139?
3, 73, 19681
What are the prime factors of 1529357?
1529357
What are the prime factors of 32290962?
2, 3, 11, 489257
What are the prime factors of 91183?
91183
What are the prime factors of 3565820?
2, 5, 131, 1361
What are the prime factors of 306838?
2, 7, 31, 101
List the prime factors of 385919.
31, 59, 211
List the prime factors of 6792.
2, 3, 283
List the prime factors of 39275990.
2, 5, 13, 302123
What are the prime factors of 18021990?
2, 3, 5, 7, 85819
What are the prime factors of 938447?
938447
What are the prime factors of 4432149?
3, 19, 25919
What are the prime factors of 247288?
2, 30911
What are the prime factors of 1211884?
2, 302971
What are the prime factors of 1191315?
3, 5, 43, 1847
What are the prime factors of 29641?
29641
What are the prime factors of 8538737?
73, 116969
What are the prime factors of 21236834?
2, 10618417
What are the prime factors of 4747476?
2, 3, 23, 103, 167
List the prime factors of 2898504.
2, 3, 7, 71
What are the prime factors of 94110?
2, 3, 5, 3137
List the prime factors of 21517866.
2, 3, 41, 9719
List the prime factors of 1576747.
1576747
What are the prime factors of 336954?
2, 3, 89, 631
What are the prime factors of 46429?
29, 1601
What are the prime factors of 89580?
2, 3, 5, 1493
List the prime factors of 32574.
2, 3, 61, 89
What are the prime factors of 1543?
1543
What are the prime factors of 1493301?
3, 31, 16057
List the prime factors of 4119476.
2, 173, 5953
What are the prime factors of 11027403?
3, 359, 3413
List the prime factors of 2049823.
2049823
List the prime factors of 13145882.
2, 6572941
List the prime factors of 10160983.
7, 207367
List the prime factors of 139019.
43, 53, 61
What are the prime factors of 927283?
7, 132469
List the prime factors of 220576.
2, 61, 113
List the prime factors of 609175.
5, 7, 59
What are the prime factors of 145845?
3, 5, 7, 463
List the prime factors of 28316.
2, 7079
What are the prime factors of 1196016?
2, 3, 24917
List the prime factors of 632706.
2, 3, 17, 6203
What are the prime factors of 5183496?
2, 3, 71993
What are the prime factors of 4145912?
2, 518239
List the prime factors of 119923.
119923
List the prime factors of 28398449.
17, 31, 53887
List the prime factors of 1073806.
2, 137, 3919
List the prime factors of 62176.
2, 29, 67
What are the prime factors of 1449537?
3, 483179
What are the prime factors of 5651541?
3, 7, 109, 823
List the prime factors of 14298087.
3, 4766029
List the prime factors of 3120881.
3120881
What are the prime factors of 2896930?
2, 5, 19, 79, 193
What are the prime factors of 18482?
2, 9241
List the prime factors of 1726847.
491, 3517
List the prime factors of 2433421.
2433421
List the prime factors of 233603.
79, 2957
What are the prime factors of 435075?
3, 5, 5801
What are the prime factors of 15287466?
2, 3, 29, 103, 853
What are the prime factors of 89315?
5, 17863
List the prime factors of 240723.
3, 7, 3821
What are the prime factors of 185942?
2, 239, 389
List the prime factors of 760468.
2, 41, 4637
List the prime factors of 351292.
2, 31, 2833
List the prime factors of 6297929.
11, 23, 31, 73
What are the prime factors of 1301451?
3, 433817
What are the prime factors of 2329153?
17, 19, 7211
What are the prime factors of 1352832?
2, 3, 13, 271
List the prime factors of 8517794.
2, 4258897
List the prime factors of 905500.
2, 5, 1811
List the prime factors of 3110075.
5, 31, 4013
List the prime factors of 2477027.
7, 61, 5801
What are the prime factors of 928614?
2, 3, 154769
List the prime factors of 110303.
73, 1511
What are the prime factors of 307206?
2, 3, 5689
List the prime factors of 124539.
3, 41513
List the prime factors of 354059.
17, 59, 353
What are the prime factors of 4070687?
4070687
List the prime factors of 389037.
3, 11, 11789
List the prime factors of 17306268.
2, 3, 7, 206027
List the prime factors of 673698.
2, 3, 47, 2389
List the prime factors of 228646.
2, 11, 19, 547
What are the prime factors of 20472383?
103, 198761
What are the prime factors of 839440?
2, 5, 7, 1499
What are the prime factors of 68742?
2, 3, 19, 67
What are the prime factors of 4336281?
3, 160603
List the prime factors of 289740.
2, 3, 5, 11, 439
List the prime factors of 3534209.
7, 19, 26573
List the prime factors of 295431.
3, 19, 71, 73
List the prime factors of 5532945.
3, 5, 11, 33533
What are the prime factors of 373058?
2, 7, 26647
List the prime factors of 38868.
2, 3, 41, 79
What are the prime factors of 14570917?
167, 87251
List the prime factors of 183419.
149, 1